61467 composite?
True
Is 4087015 a composite number?
True
Is 2617217 composite?
True
Is 1600439 composite?
True
Is 167822989 a prime number?
True
Is 258067603 a prime number?
False
Is 3240995 a prime number?
False
Is 16368323 prime?
True
Is 14244931 a prime number?
False
Is 21525911 prime?
False
Is 4171663 composite?
True
Is 976931 composite?
True
Is 3359221 prime?
True
Is 7505671 composite?
True
Is 9598741 composite?
True
Is 4609919 prime?
False
Is 1829231 a composite number?
True
Is 668657161 composite?
False
Is 9675683 composite?
True
Is 7751671 a composite number?
True
Is 555118273 composite?
False
Is 85744091 a prime number?
True
Is 232980043 composite?
True
Is 10505153 composite?
True
Is 870761 a composite number?
True
Is 6794311 composite?
False
Is 3747521 prime?
True
Is 21357367 a composite number?
True
Is 9512329 a prime number?
True
Is 68638337 a composite number?
False
Is 35910473 a prime number?
True
Is 2340301 a prime number?
False
Is 39469951 prime?
False
Is 2560469 prime?
False
Is 429083 composite?
False
Is 2265779 a prime number?
True
Is 588091759 a prime number?
False
Is 37489969 composite?
True
Is 17990183 a composite number?
False
Is 6710551 a prime number?
False
Is 19647559 a composite number?
True
Is 773491 composite?
False
Is 35166181 composite?
False
Is 1485181 a prime number?
False
Is 921733 composite?
False
Is 559378123 prime?
True
Is 28342207 a composite number?
True
Is 480235711 a composite number?
False
Is 3147871 prime?
False
Is 37835977 a prime number?
True
Is 517693607 a prime number?
True
Is 12199237 a composite number?
False
Is 2832713 a prime number?
False
Is 676129 prime?
True
Is 9621179 a composite number?
True
Is 280633 a composite number?
True
Is 140757233 prime?
True
Is 965298619 a composite number?
False
Is 419047 composite?
False
Is 25951883 prime?
False
Is 4532581 a prime number?
True
Is 991205 composite?
True
Is 35853511 composite?
False
Is 152824487 a composite number?
True
Is 46020827 a composite number?
True
Is 18831833 prime?
False
Is 72534071 a composite number?
False
Is 59730023 composite?
True
Is 15769883 composite?
True
Is 71469007 a composite number?
False
Is 2164913 prime?
False
Is 5062735 prime?
False
Is 63641159 prime?
False
Is 3514039 a prime number?
False
Is 60468173 composite?
True
Is 832142363 a prime number?
False
Is 3559903 a composite number?
False
Is 2259228487 composite?
False
Is 2468653 a prime number?
False
Is 205879 a composite number?
False
Is 6267119 a composite number?
False
Is 2346803 a composite number?
False
Is 135257 composite?
False
Is 17389813 a composite number?
True
Is 10263149 a prime number?
False
Is 43940609 prime?
False
Is 298607 a prime number?
True
Is 438373081 composite?
True
Is 12195947 a composite number?
False
Is 7099627 prime?
True
Is 45543909 composite?
True
Is 290365 a prime number?
False
Is 29000731 composite?
True
Is 53817523 a prime number?
True
Is 124742753 a prime number?
False
Is 529697363 a composite number?
True
Is 195659 prime?
True
Is 209564554 a composite number?
True
Is 2318293 prime?
True
Is 1240483 a prime number?
True
Is 7460611 a prime number?
True
Is 26819869 prime?
True
Is 10117507 composite?
False
Is 208075981 composite?
False
Is 12246721 composite?
False
Is 1144172441 composite?
False
Is 81046727 a composite number?
False
Is 53956003 composite?
False
Is 27094577 a prime number?
False
Is 2494637 prime?
True
Is 24722951 a composite number?
True
Is 13291651 composite?
False
Is 27336317 a composite number?
False
Is 81242479 prime?
False
Is 49877671 composite?
False
Is 16104449 a composite number?
False
Is 45022037 composite?
False
Is 133798085 composite?
True
Is 357601 composite?
True
Is 3103539 prime?
False
Is 12047909 prime?
True
Is 2127841 a prime number?
True
Is 47421629 a prime number?
False
Is 1187435 prime?
False
Is 4330717 a composite number?
False
Is 1806059 composite?
False
Is 18832369 a composite number?
True
Is 5504647 a composite number?
False
Is 6095351 a prime number?
False
Is 289443803 a prime number?
False
Is 164083301 a prime number?
True
Is 95957 a composite number?
False
Is 108818159 composite?
True
Is 771646735 a prime number?
False
Is 262621733 prime?
False
Is 316146043 prime?
True
Is 8963957 a composite number?
False
Is 935053987 prime?
False
Is 213191 a composite number?
True
Is 4222873 composite?
True
Is 74370341 prime?
True
Is 32568969 composite?
True
Is 32140561 a prime number?
True
Is 1891859 composite?
False
Is 31795001 a prime number?
False
Is 265957 prime?
True
Is 239359 prime?
False
Is 37388361 prime?
False
Is 85381 a composite number?
False
Is 1044686743 composite?
False
Is 18210779 a composite number?
True
Is 7099159 a composite number?
True
Is 310921099 a composite number?
True
Is 7047847 prime?
False
Is 105419423 composite?
True
Is 147897857 a prime number?
False
Is 271191 a composite number?
True
Is 5395198 prime?
False
Is 12143 prime?
True
Is 21352769 prime?
False
Is 240492989 composite?
True
Is 160279157 a prime number?
False
Is 2081683 a composite number?
True
Is 95957709 prime?
False
Is 984176957 a composite number?
False
Is 1226879 a prime number?
False
Is 781078 a composite number?
True
Is 853537717 composite?
True
Is 41126285 a prime number?
False
Is 3129647 a prime number?
False
Is 41776451 prime?
True
Is 7538671 a composite number?
True
Is 156360041 composite?
False
Is 10279718 a prime number?
False
Is 74674543 prime?
True
Is 5713909 a prime number?
True
Is 15031087 prime?
True
Is 393761 a composite number?
False
Is 2325259 prime?
False
Is 18113411 composite?
False
Is 251697097 a prime number?
False
Is 7283041 prime?
True
Is 244954297 a composite number?
True
Is 2999567 prime?
False
Is 70411301 composite?
False
Is 484927 prime?
True
Is 3067733 prime?
True
Is 14764639 prime?
False
Is 55371259 a prime number?
False
Is 281858431 a prime number?
True
Is 19914961 composite?
True
Is 141158683 a prime number?
True
Is 1013858 a composite number?
True
Is 8893942 prime?
False
Is 649723 a prime number?
False
Is 1363603 a prime number?
True
Is 16447183 composite?
False
Is 181805893 a composite number?
False
Is 1413463 prime?
False
Is 30015133 a prime number?
True
Is 27679283 composite?
True
Is 346198477 a composite number?
False
Is 304376977 prime?
True
Is 11346469 prime?
True
Is 34679321 a prime number?
True
Is 32219129 a composite number?
False
Is 46077029 a composite number?
False
Is 44873989 composite?
True
Is 681809 composite?
False
Is 2334977 prime?
False
Is 468021 a prime number?
False
Is 4606619 a composite number?
False
Is 37343479 composite?
True
Is 906295461 composite?
True
Is 313154819 composite?
False
Is 1626853 a composite number?
True
Is 300929 prime?
True
Is 22605721 a composite number?
False
Is 6204073 a composite number?
True
Is 15549439 a prime number?
True
Is 18694835 a composite number?
True
Is 585847367 composite?
True
Is 163683941 a composite number?
False
Is 1799381 a prime number?
True
Is 15609793 a prime number?
True
Is 4371013 a prime number?
False
Is 169394927 a composite number?
True
Is 42599009 a composite number?
False
Is 15205979 a prime number?
False
Is 12554011 a composite number?
False
Is 803266567 a prime number?
True
Is 5036027 prime?
False
Is 106817611 a composite number?
False
Is 49450381 composite?
True
Is 1177195 prime?
False
Is 127273897 composite?
True
Is 10633283 composite?
False
Is 8589359 prime?
True
Is 3421133 composite?
True
Is 7580801 composite?
False
Is 2923009 prime?
False
Is 304125491 a prime number?
True
Is 5411369 prime?
True
Is 553742117 a prime number?
True
Is 8648467 prime?
False
Is 12064243 a composite number?
False
Is 15805289 a prime number?
False
Is 135533 composite?
False
Is 700457 prime?
False
Is 579285529 a prime number?
True
Is 45246497 composite?
True
Is 36762031 prime?
True
Is 1577989 a composite number?
True
Is 51080269 prime?
True
Is 93770023 a composite number?
False
Is 250786813 a prime number?
False
Is 1570663 composite?
False
Is 2227819 composite?
True
Is 217753 composite?
True
Is 342073447 a composite number?
False
Is 16753603 a prime number?
True
Is 30496057 a composite number?
True
Is 2646409 a composite number?
False
Is 321935241 prime?
False
Is 12061961 composite?
False
Is 14716151 a prime number?
False
Is 87881831 composit